{"id":119,"date":"2025-03-06T10:49:35","date_gmt":"2025-03-06T13:49:35","guid":{"rendered":"https:\/\/rodrigoaraujo.pro.br\/umbanda\/?page_id=119"},"modified":"2025-08-25T09:49:32","modified_gmt":"2025-08-25T12:49:32","slug":"descobrindo-a-umbanda","status":"publish","type":"page","link":"https:\/\/rodrigoaraujo.pro.br\/umbanda\/descobrindo-a-umbanda\/","title":{"rendered":"Descobrindo a Umbanda"},"content":{"rendered":"\n<div class=\"wp-block-columns is-layout-flex wp-container-core-columns-is-layout-9d6595d7 wp-block-columns-is-layout-flex\">\n<div class=\"wp-block-column is-layout-flow wp-block-column-is-layout-flow\">\n<figure class=\"wp-block-image size-large\"><img loading=\"lazy\" decoding=\"async\" width=\"585\" height=\"1024\" src=\"https:\/\/rodrigoaraujo.pro.br\/umbanda\/wp-content\/uploads\/2025\/03\/Descobrindo-a-Umbanda-capa-livro-site-585x1024.webp\" alt=\"\" class=\"wp-image-67\" srcset=\"https:\/\/rodrigoaraujo.pro.br\/umbanda\/wp-content\/uploads\/2025\/03\/Descobrindo-a-Umbanda-capa-livro-site-585x1024.webp 585w, https:\/\/rodrigoaraujo.pro.br\/umbanda\/wp-content\/uploads\/2025\/03\/Descobrindo-a-Umbanda-capa-livro-site-171x300.webp 171w, https:\/\/rodrigoaraujo.pro.br\/umbanda\/wp-content\/uploads\/2025\/03\/Descobrindo-a-Umbanda-capa-livro-site-768x1344.webp 768w, https:\/\/rodrigoaraujo.pro.br\/umbanda\/wp-content\/uploads\/2025\/03\/Descobrindo-a-Umbanda-capa-livro-site-878x1536.webp 878w, https:\/\/rodrigoaraujo.pro.br\/umbanda\/wp-content\/uploads\/2025\/03\/Descobrindo-a-Umbanda-capa-livro-site.webp 1024w\" sizes=\"(max-width: 585px) 100vw, 585px\" \/><\/figure>\n<\/div>\n\n\n\n<div class=\"wp-block-column is-layout-flow wp-block-column-is-layout-flow\">\n<p>Sum\u00e1rio<\/p>\n\n\n\n<p>INTRODU\u00c7\u00c3O&nbsp;&nbsp;&nbsp;&nbsp;&nbsp;&nbsp;&nbsp;&nbsp;&nbsp; 3<\/p>\n\n\n\n<p>PARTE 1 O QUE \u00c9 A UMBANDA?&nbsp;&nbsp;&nbsp; 10<\/p>\n\n\n\n<p>CAP\u00cdTULO 1 \u2013 AS BASES PARA A COMPREENS\u00c3O DE UMA RELIGI\u00c3O&nbsp;&nbsp;&nbsp;&nbsp;&nbsp;&nbsp;&nbsp;&nbsp;&nbsp; 11<\/p>\n\n\n\n<p>CAP\u00cdTULO 2 \u2013 A ESTRUTURA ESPIRITUAL DA UMBANDA&nbsp;&nbsp;&nbsp;&nbsp;&nbsp;&nbsp; 17<\/p>\n\n\n\n<p>CAP\u00cdTULO 3 \u2013 RELIGI\u00d5ES AFRO-BRASILEIRAS 24<\/p>\n\n\n\n<p>CAP\u00cdTULO 4 \u2013 UMBANDA N\u00c3O \u00c9 MACUMBA&nbsp;&nbsp;&nbsp;&nbsp;&nbsp; 42<\/p>\n\n\n\n<p>CAP\u00cdTULO 5 \u2013 A ANCESTRALIDADE NA UMBANDA&nbsp;&nbsp;&nbsp;&nbsp;&nbsp; 45<\/p>\n\n\n\n<p>CAP\u00cdTULO 6 \u2013 AS DIMENS\u00d5ES ESPIRITUAIS NA UMBANDA: ENTRE O ORUN E O AI\u00ca&nbsp;&nbsp;&nbsp;&nbsp;&nbsp; 64<\/p>\n\n\n\n<p>CAP\u00cdTULO 7 \u2013 MEDIUNIDADE E DESENVOLVIMENTO ESPIRITUAL 72<\/p>\n\n\n\n<p>PARTE 2 PRINC\u00cdPIOS E FILOSOFIA DA UMBANDA&nbsp;&nbsp;&nbsp;&nbsp;&nbsp;&nbsp;&nbsp; 77<\/p>\n\n\n\n<p>CAP\u00cdTULO 8 \u2013 PRINC\u00cdPIOS E FILOSOFIA DA UMBANDA&nbsp;&nbsp;&nbsp;&nbsp;&nbsp;&nbsp;&nbsp;&nbsp;&nbsp; 78<\/p>\n\n\n\n<p>CAP\u00cdTULO 9 \u2013 OS DESAFIOS DO CAMINHO ESPIRITUAL&nbsp;&nbsp;&nbsp;&nbsp;&nbsp;&nbsp;&nbsp;&nbsp; 98<\/p>\n\n\n\n<p>PARTE 3 ORIX\u00c1S E ENTIDADES ESPIRITUAIS&nbsp;&nbsp;&nbsp; 102<\/p>\n\n\n\n<p>CAP\u00cdTULO 10 \u2013 ORIX\u00c1S&nbsp;&nbsp;&nbsp;&nbsp;&nbsp; 103<\/p>\n\n\n\n<p>CAP\u00cdTULO 11 \u2013 AS ENTIDADES ESPIRITUAIS NA UMBANDA&nbsp;&nbsp; 182<\/p>\n\n\n\n<p>CAP\u00cdTULO 12 \u2013 EXU E POMBAGIRA: OS GUARDI\u00d5ES DOS CAMINHOS&nbsp;&nbsp;&nbsp;&nbsp;&nbsp;&nbsp;&nbsp;&nbsp; 187<\/p>\n\n\n\n<p>CAP\u00cdTULO 13 \u2013 AS LINHAS DE ESQUERDA E DE DIREITA&nbsp;&nbsp;&nbsp;&nbsp;&nbsp;&nbsp; 191<\/p>\n\n\n\n<p>CAP\u00cdTULO 14 \u2013 AS DIFERENTES VERTENTES DA UMBANDA&nbsp; 195<\/p>\n\n\n\n<p>PARTE 4 OS RITUAIS E A VIDA NO TERREIRO&nbsp;&nbsp; 199<\/p>\n\n\n\n<p>CAP\u00cdTULO 15 \u2013 UMBANDA NO DIA A DIA&nbsp;&nbsp;&nbsp;&nbsp;&nbsp;&nbsp;&nbsp;&nbsp;&nbsp;&nbsp;&nbsp; 200<\/p>\n\n\n\n<p>CAP\u00cdTULO 16 \u2013 O TERREIRO E OS RITUAIS&nbsp;&nbsp;&nbsp;&nbsp;&nbsp;&nbsp;&nbsp; 207<\/p>\n\n\n\n<p>CAP\u00cdTULO 17 \u2013 OS FUNDAMENTOS M\u00c1GICOS E ESPIRITUAIS&nbsp;&nbsp;&nbsp;&nbsp;&nbsp;&nbsp;&nbsp;&nbsp;&nbsp;&nbsp; 218<\/p>\n\n\n\n<p>CAP\u00cdTULO 18 \u2013 ORI: O DESTINO E A CONEX\u00c3O COM O DIVINO&nbsp;&nbsp;&nbsp;&nbsp;&nbsp;&nbsp;&nbsp;&nbsp; 248<\/p>\n\n\n\n<p>PARTE 5 GLOSS\u00c1RIO \u2013 PERGUNTAS E RESPOSTAS&nbsp;&nbsp;&nbsp;&nbsp;&nbsp; 251<\/p>\n\n\n\n<p>GLOSS\u00c1RIO&nbsp;&nbsp; 252<\/p>\n\n\n\n<p>PERGUNTAS E RESPOSTAS SOBRE A UMBANDA&nbsp;&nbsp;&nbsp;&nbsp;&nbsp;&nbsp;&nbsp;&nbsp;&nbsp;&nbsp; 256<\/p>\n\n\n\n<p>CONCLUS\u00c3O 259<\/p>\n<\/div>\n<\/div>\n\n\n\n<p>Para comprar o livro, clique em <a href=\"https:\/\/amzn.to\/45FYsSw\">https:\/\/amzn.to\/45FYsSw<\/a><\/p>\n","protected":false},"excerpt":{"rendered":"<p>Sum\u00e1rio INTRODU\u00c7\u00c3O&nbsp;&nbsp;&nbsp;&nbsp;&nbsp;&nbsp;&nbsp;&nbsp;&nbsp; 3 PARTE 1 O QUE \u00c9 A UMBANDA?&nbsp;&nbsp;&nbsp; 10 CAP\u00cdTULO 1 \u2013 AS BASES PARA A COMPREENS\u00c3O DE UMA RELIGI\u00c3O&nbsp;&nbsp;&nbsp;&nbsp;&nbsp;&nbsp;&nbsp;&nbsp;&nbsp; 11 CAP\u00cdTULO 2 \u2013 A ESTRUTURA ESPIRITUAL DA UMBANDA&nbsp;&nbsp;&nbsp;&nbsp;&nbsp;&nbsp; 17 CAP\u00cdTULO 3 \u2013 RELIGI\u00d5ES AFRO-BRASILEIRAS 24 CAP\u00cdTULO 4 \u2013 UMBANDA N\u00c3O \u00c9 MACUMBA&nbsp;&nbsp;&nbsp;&nbsp;&nbsp; 42 CAP\u00cdTULO 5 \u2013 A ANCESTRALIDADE NA UMBANDA&nbsp;&nbsp;&nbsp;&nbsp;&nbsp; 45 CAP\u00cdTULO [&hellip;]<\/p>\n","protected":false},"author":1,"featured_media":0,"parent":0,"menu_order":0,"comment_status":"closed","ping_status":"closed","template":"","meta":{"saved_in_kubio":false,"pagelayer_contact_templates":[],"_pagelayer_content":"","footnotes":""},"class_list":["post-119","page","type-page","status-publish","hentry"],"kubio_ai_page_context":{"short_desc":"","purpose":"general"},"_links":{"self":[{"href":"https:\/\/rodrigoaraujo.pro.br\/umbanda\/wp-json\/wp\/v2\/pages\/119","targetHints":{"allow":["GET"]}}],"collection":[{"href":"https:\/\/rodrigoaraujo.pro.br\/umbanda\/wp-json\/wp\/v2\/pages"}],"about":[{"href":"https:\/\/rodrigoaraujo.pro.br\/umbanda\/wp-json\/wp\/v2\/types\/page"}],"author":[{"embeddable":true,"href":"https:\/\/rodrigoaraujo.pro.br\/umbanda\/wp-json\/wp\/v2\/users\/1"}],"replies":[{"embeddable":true,"href":"https:\/\/rodrigoaraujo.pro.br\/umbanda\/wp-json\/wp\/v2\/comments?post=119"}],"version-history":[{"count":2,"href":"https:\/\/rodrigoaraujo.pro.br\/umbanda\/wp-json\/wp\/v2\/pages\/119\/revisions"}],"predecessor-version":[{"id":184,"href":"https:\/\/rodrigoaraujo.pro.br\/umbanda\/wp-json\/wp\/v2\/pages\/119\/revisions\/184"}],"wp:attachment":[{"href":"https:\/\/rodrigoaraujo.pro.br\/umbanda\/wp-json\/wp\/v2\/media?parent=119"}],"curies":[{"name":"wp","href":"https:\/\/api.w.org\/{rel}","templated":true}]}}